nits digit of j?
7
Let a = -80 - -626. What is the tens digit of a?
4
Let a(c) = -c**3 + 4*c**2 + 5*c. Let y be a(5). Suppose -4*b + 9*b - 40 = y. What is the units digit of b?
8
Suppose -351 = -0*h - 9*h. Suppose -4*g = -4*d, 0*d - 5*d = 2*g - 21. Suppose -g*u = -0*u - h. What is the units digit of u?
3
Suppose -5*m - 3*t = -0*t - 337, 2*t - 202 = -3*m. Suppose 3*o - m = -a + o, a - 86 = 4*o. What is the tens digit of a?
7
Suppose s = -h + 3092, s + 347 = h - 2747. What is the hundreds digit of h?
0
Let l = 60 - 37. Let d(y) = -4*y + 1. Let i be d(3). Let f = i + l. What is the tens digit of f?
1
Suppose 59*r - 44*r - 15090 = 0. What is the units digit of r?
6
Let f(o) be the third derivative of o**6/120 - o**4/6 + o**3/2 + 8*o**2. Let l be f(-4). What is the tens digit of 378/l*(-20)/6?
2
Let k be 0/((-4 - -5)*-1). Suppose -5*o - 4*x = -k*x - 27, 2*x + 4 = 0. Suppose 192 = o*g + 38. What is the units digit of g?
2
Let y = -175 + 254. What is the units digit of y?
9
Let r(b) = b + 19. Let n be r(-14). Suppose 7 = n*f - 8. Suppose -5*p - 5*o + 130 = 0, -f*p - 5*o - 11 + 97 = 0. What is the units digit of p?
2
Suppose 2*n = 26 - 90. Let x = n - -147. What is the units digit of 3/1 - x/(-5)?
6
Suppose -4*x + 1 - 21 = 0. Let b(o) = -o**3 - 6*o**2 - 7*o - 7. Let s be b(x). Suppose 7*t = s*t + 3*u + 102, -t = u - 22. What is the tens digit of t?
2
Let b = 80 + 172. What is the tens digit of b?
5
Suppose -26*d + 770 = -24*d. What is the hundreds digit of d?
3
Suppose 0 = k + 4*d - 3093, 5*k + 2*d = -578 + 15971. What is the tens digit of k?
7
Let y(x) = 10*x**2 + 6*x + 15. Let f(m) = -2*m - 8. Let g be f(-2). What is the units digit of y(g)?
1
Let a = 95 + -135. Let q = 38 + -58. Let u = q - a. What is the units digit of u?
0
Let j = -1 + 1. Suppose j*m = -m. Suppose -5*q = 4*v - v - 33, m = 2*q. What is the tens digit of v?
1
Suppose 7418 = 5*y + 44*q - 46*q, 5*q = 2*y - 2984. What is the thousands digit of y?
1
Let c(b) = 2*b - 20. Let m be c(9). What is the units digit of m - (-5 + 3) - -197?
7
Let k(f) = -f**3 + 6*f**2 + f - 1. Let l be k(6). Suppose -3*g = 4*r - 0*g - 11, 2*r - 19 = 3*g. Suppose 10 = l*q - r. What is the units digit of q?
3
Let l = 149 + 379. Suppose -14*f + 17*f - l = 0. What is the hundreds digit of f?
1
Let r = -211 - -1411. What is the thousands digit of r?
1
Suppose -4*m + 5*f = -9238, -3*m + 0*f - 5*f = -6911. What is the units digit of m?
7
Suppose -l - 2*l - 91 = f, 25 = -l + 5*f. What is the units digit of (24/(-10))/(l/800)?
4
Let p = -9 - -6. Let g = -59 - -58. What is the units digit of g - 21/p*2?
3
Let j = -235 - -200. Let v(d) = -2*d**2 - 1. Let i be v(-2). Let x = i - j. What is the units digit of x?
6
Let s(p) = -37*p**2 + p + 2. Let y be s(-1). What is the tens digit of (-8)/y - 626/(-18)?
3
Suppose -2*u - 34*t + 35*t + 9033 = 0, -4*u + 3*t = -18071. What is the tens digit of u?
1
Suppose 1205 = 8*i - 3755. What is the tens digit of i?
2
Let d be (-21)/7 - 1740/4. What is the tens digit of d/(-9) + (-1)/(-3)?
4
Let r(x) = -x**2 + 9*x - 21. Let b be r(9). Let q = 23 + b. Suppose 2 = t + q*o, -4*t - 3 = o - 39. What is the tens digit of t?
1
Let r be (108/30 - 0)/((-1)/(-5)). Suppose -r = -16*w + 78. What is the units digit of w?
6
Suppose -1454 = -4*i + 8*a - 7*a, 5*a = -10. What is the units digit of i?
3
Suppose 3*i - 482 = 5*t + 3295, 2*t = -i + 1248. What is the tens digit of i?
5
Let g be -3 + (0 + 657 - -2). Suppose -18*b = -16*b - g. What is the units digit of b?
8
Let b = 1335 + -583. What is the hundreds digit of b?
7
What is the units digit of (-7699)/(-4) - (-189)/(-252)?
4
Let h = -41 - -57. Let o = h + -12. What is the units digit of o?
4
Let n = 751 - -1590. What is the tens digit of n?
4
Suppose 267 = -k + 4*k. Suppose -2*x = k - 401. What is the tens digit of x?
5
Let m = 731 - 207. What is the tens digit of m?
2
Let n(v) = 1017*v + 196. What is the units digit of n(2)?
0
Let z(r) = r**3 + 2*r**2 + 99. What is the units digit of z(0)?
9
Let b = 693 - -660. What is the thousands digit of b?
1
Suppose 3*j = -8 + 11. Suppose 125 - j = l. What is the units digit of l?
4
Let c = 7883 - 3886. What is the hundreds digit of c?
9
Suppose -3*d - 3 = -9. Let v(j) = -d - 1 - 7 + 3 + 3*j. What is the tens digit of v(8)?
1
Suppose -1 = -4*y + 7. Suppose 0 = 43*f - 11*f. Suppose 3*t - 3*u - 33 = f, y*t - 1 - 9 = -u. What is the units digit of t?
7
Suppose 2*x = -a + 1879, 4*a - 2*a + 3770 = 4*x. What is the units digit of x?
1
What is the tens digit of 133*5/(20/12)?
9
Let f(q) = q + 10. Let p be f(-5). Suppose 0 = -p*u - 5*s + 25, 0*u - 4*s = -u - 15. What is the units digit of u?
1
Let a = -21 - -26. Suppose a*c + 3*d - 380 = -d, 62 = c - 2*d. What is the units digit of c?
2
Let m(n) = 7*n**3 - 2*n**2 + 2. Let y be m(1). Let l(j) = 2*j**3 - 9*j**2 - 9*j + 7. What is the units digit of l(y)?
9
Let g(z) = z**3 - 7*z**2 - 5*z + 5. Suppose 3*f + f = 8. Suppose -1 = -f*v - 4*b + 15, 0 = 4*b. What is the tens digit of g(v)?
2
What is the units digit of ((-76)/(-12) + (-25)/(-15))*77?
6
Let m(i) be the third derivative of i**6/720 - i**5/30 + i**4/8 - 7*i**2. Let x(t) be the second derivative of m(t). What is the units digit of x(5)?
1
Let d be (9 - 7)*(-6)/(-4). Let n be (39/(-26))/(d/8). What is the tens digit of 1708/77 - n/(-22)?
2
Suppose -m = -5*w + 4677, 3*m = 2*w - 976 - 900. What is the tens digit of w?
3
Suppose 27*o - 102542 = 5*o. What is the units digit of o?
1
Let n be 0*(-5 - (-16)/4). Suppose -3*l = -2*s - 275, n = -0*l + 4*l + 4*s - 400. Let m = l + -53. What is the units digit of m?
2
Let i be (-6)/10 - (-20)/(-50). Let r be 0 + 0 - 14*i. Let s = 26 - r. What is the units digit of s?
2
What is the hundreds digit of 18*(-110*(-2)/12 + 0)?
3
Let p = 378 - 176. What is the units digit of p?
2
Let k(p) = 6*p**2 - 33*p - 1. What is the units digit of k(15)?
4
Suppose -3*g + 3*o = -10 + 85, 5*o + 115 = -5*g. Let q be ((-52)/(-12))/((-1)/g). Let s = -71 + q. What is the tens digit of s?
3
Suppose m - 30 = -5*i - 4*m, -3*i + 3*m = -6. Suppose 4*o = -3*u + 253, -i*u - o + 182 + 151 = 0. What is the units digit of u?
3
Let p(g) = -g + 7. Let h be p(7). Suppose h = -0*v + 5*v - 390. What is the units digit of v?
8
Suppose -1337 = -j - 4*y, 3*y - 8*y = j - 1340. What is the hundreds digit of j?
3
Suppose 4*b + x + 21 = -0*x, 40 = -5*b - 4*x. What is the tens digit of b + (4700/5)/4?
3
Suppose 9 - 3 = 2*h. Suppose h*d + 14 = -2*s + 8*d, 2*s = -5*d - 14. Let z(o) = 2*o**2 + 3*o - 7. What is the units digit of z(s)?
0
Let k = 9 + -5. Let w be ((-36)/198 + 18/(-22))*-11. Let o = k + w. What is the units digit of o?
5
Suppose 0 = 6*l - 7*l + 6. Let q be (10/l)/((-1)/(-3)). Suppose q*i - 14 - 101 = 0. What is the units digit of i?
3
Suppose 33 + 67 = 5*k. Suppose -4*o - g = -9, -g = 5*o - 6*g + k. Let y = o - -2. What is the units digit of y?
3
Let z(a) = 2*a - 3. Let v be z(2). Let w be v/4 - (-172)/16. Let n = 25 - w. What is the units digit of n?
4
Suppose -4*n + 480 = 2*n. Suppose -c - n = -2*c + 3*u, 5*c - 358 = u. What is the tens digit of c?
7
Suppose l - g - 1 = -3*l, -g - 1 = -5*l. Suppose -a + l*r - r = -16, -r + 58 = 4*a. Suppose 0 = -a*w + 15*w - 52. What is the tens digit of w?
5
Let y be 4 - 4/(-8)*-8. What is the units digit of 105 - (0 - y) - 0?
5
Let c(f) = -2*f + 26. Let i be c(12). Suppose 3*q + 4*o - 147 = 0, 6*q - 10*q + 218 = -i*o. What is the units digit of q?
3
Suppose 4*v = -64*v + 169932. What is the units digit of v?
9
Suppose -445*p + 4728 = -421*p. What is the units digit of p?
7
What is the units digit of (-4184)/(-3) - 10/(3 - 33)?
5
Suppose 4*a + 2*a = -24. What is the hundreds digit of 1200/(-18)*a/((-16)/(-6))?
1
What is the thousands digit of (3230/(-20) - 8)*-26?
4
Suppose 0 = 9*v - 3*v + 402. Let t = 43 + v. Let y = t - -63. What is the units digit of y?
9
What is the hundreds digit of ((-22670)/5)/(-8 + 6)?
2
Let x(j) = 46*j + 506. What is the units digit of x(15)?
6
Suppose 5*d - 16 = 3*d. Let m be 10/4 + 2/4. Suppose -u + d = m*u. What is the units digit of u?
2
Let t(c) = -112*c + 5. Let i be t(-3). Suppose -j + 74 = 5*q, -5*j = -2*q - 2*q - i. What is the tens digit of j?
6
Suppose 4*y = 22*y - 26892. What is the hundreds digit of y?
4
Let w(v) = 2*v**2 - v + 3. Let m 